 -2*u + 5 - 19 + 4*u + 4*u. Let n be p(-11). Let b = n - -1635. Is b prime?
False
Suppose 14*g + 185921 = 18*g - 3*l, 3*g - 4*l = 139439. Is g prime?
False
Suppose -128*k + 18602472 = -104*k. Is k a prime number?
False
Is (12/32)/(97/103275512) composite?
True
Suppose -4*l + 97340 = -4*v + 8*v, -97343 = -4*l - 5*v. Let y = l + -17333. Is y composite?
True
Suppose 3*z + 27079 = 2*h, 5*h - 67660 = -4*z - z. Is h a prime number?
False
Let v(o) = -o**3 - 5*o**2 - o + 5. Let c be v(-4). Let m(t) = -t**2 - 5*t + 13. Let x be m(c). Is 611 - (x - 1/(-1))/2 prime?
False
Let b(z) = -z**3 + 3*z**2 + z + 1. Let m be b(3). Suppose q - 13*v + 17*v = 5019, m*q - 4*v - 20116 = 0. Is q a composite number?
True
Let k = -115624 + 220229. Is k a prime number?
False
Let m(y) be the second derivative of -y**5/2 + 4*y**4/3 + y**3/6 - 7*y**2/2 - 3*y. Suppose 0*t = -57*t - 342. Is m(t) prime?
False
Suppose -2*x - 2362 = 2*l, -5*l + 3881 - 314 = -3*x. Let n = 588 + x. Let u = n - -2749. Is u a composite number?
False
Let h = 0 + 65. Let g = h + -62. Suppose -5*r - 5*m = -17755, -3*m - 10633 = -g*r - m. Is r a composite number?
False
Let i(b) = -7193*b + 926. Let z(w) = 2398*w - 309. Let h(g) = 2*i(g) + 7*z(g). Is h(25) a composite number?
True
Suppose 3*d = 3*f - 677805, -17*f + 7*d - 903806 = -21*f. Is f a prime number?
True
Is (2 - 679650/(-14))/(303/2121) a prime number?
True
Let t(b) = 4*b - 107. Let y be t(27). Is 4071/138*((360 - -1) + y) a composite number?
True
Let z(a) = a**3 - a**2 + a + 15. Let f be z(0). Is (45 + 10)*789/f a prime number?
False
Suppose 27*g = 31*g - 1860. Let u = 6 - 1. Suppose -5*n + g = -u. Is n a prime number?
False
Let g(q) = 2228*q - 17 + 27 + 70 + 73 + 1428*q. Is g(13) a composite number?
False
Suppose -3*s = -5*q - 29, 3*q = 3*s + 15 - 42. Suppose -s*y + y = -56. Suppose 0 = 2*r - y*r + 6042. Is r prime?
False
Suppose k - 5*k = -5*i - 25, -3*i = -4*k + 15. Is 6 - (k + -6942) - 7 composite?
True
Suppose -5*r = -l - 160538, 4*r - 124359 = -4*l + 4057. Is r a prime number?
False
Let b = 308654 - 181623. Is b composite?
False
Is (3/9)/((25/(-454395))/(-5)) composite?
False
Let p(d) = -d**3 + d**2 - d - 1. Let a be p(-1). Let h be 1080/(-570) + 4/(-38). Is -2399*(a - h - 9) a prime number?
False
Suppose 49*k - 146768 = 33*k. Is k composite?
False
Suppose 0 = 12*g - g - g - 1489870. Is g a composite number?
True
Let j = 22785 + -12462. Suppose 7*v = j + 11426. Is v prime?
False
Let s = 944 - -23555. Is s prime?
True
Let d(o) = -3*o + 4*o**2 + 161 - 315 + 156 - 2*o**3. Let t be d(2). Is 209 - (8/t + 0) composite?
False
Let u(l) = 375*l**3 + l**2 + 11*l - 27. Is u(2) a composite number?
False
Let k(s) = -s + 29. Let v be k(21). Let b be 9/(-4)*v/(-6). Is (1 - 4/b)/((-27)/123363) prime?
True
Let t(j) = 4*j**3 + 13*j**2 - 17*j - 9. Suppose -2*w = 2*w - y - 4, -4*y + 22 = 3*w. Let n(k) = k**2 - k + 1. Let i(u) = w*n(u) - t(u). Is i(-9) prime?
True
Suppose 511*x + 510 = 513*x. Let y = x - -1522. Is y a composite number?
False
Let o(m) = 60*m**2 + 7*m + 8. Let x(f) = -f**3 - 7*f**2 + f + 11. Let z be x(-7). Suppose -4 - 1 = s - 2*v, 0 = z*s - 2*v + 14. Is o(s) composite?
True
Let l(h) = 633842*h - 675. Is l(2) a composite number?
False
Suppose 2*f - 155076 = -r, 40*f + 4*r + 232603 = 43*f. Is f composite?
True
Let n = 379 - -6691. Let r = n - 4053. Is r composite?
True
Let s be (-45)/6*8*(-257)/10. Let a = s - -2827. Is a prime?
False
Let j = -55 + 55. Suppose j = t - 163 - 25. Let v = t + -130. Is v composite?
True
Is -63241*(4/8)/(27/(-54)) a prime number?
True
Suppose -835388 + 9499510 = 106*j. Is j composite?
False
Let i(y) = y**3 - 20*y**2 + 48*y + 137. Is i(40) composite?
False
Let n(m) = -3 + 8 - m - 29*m. Let i be n(-3). Let r = i - -92. Is r prime?
False
Suppose -2*r - 5*t = -337347, -5*r + 5*t = 207804 - 1051294. Is r a prime number?
False
Let c(b) = 87613*b**2 - 37*b - 37. Is c(-1) composite?
False
Suppose -21*h - 4*z - 20796 = -24*h, -h + 6931 = -z. Suppose -n - y + 1919 = 188, -h = -4*n - 2*y. Is n composite?
False
Let b = 1 + 2. Suppose 0 = 5*n + x + 2*x - 3, 3*x = 4*n - 24. Suppose 1713 = n*y + b*m + 2*m, -4*m + 2284 = 4*y. Is y prime?
True
Let x(h) = 3545*h + 131. Let b be x(-22). Let o = -55612 - b. Is o a prime number?
True
Suppose -411*a + 13648131 = -204*a. Is a a prime number?
False
Suppose -2*m = 10*m - 1256292. Is m a prime number?
False
Let q(b) be the first derivative of 1399*b**2/2 + 95*b + 59. Is q(6) composite?
True
Let n(p) = -10*p**3 - 16*p**2 + 36*p + 13. Let f(i) = 22*i**3 + 34*i**2 - 72*i - 27. Let t(s) = 6*f(s) + 13*n(s). Is t(16) a composite number?
True
Let o(f) = 128*f + 53. Let y be o(9). Is (0 + y - -4) + 4 prime?
True
Let j(z) be the second derivative of 0 + 14*z - 1/2*z**2 + 1519/6*z**3. Is j(2) a composite number?
False
Let h(t) = 16*t**2 - 36*t - 69. Is h(17) a composite number?
False
Let k = 14173 - 4022. Is k composite?
False
Let g be 0/(0 - 0 - -1). Suppose 7*o - 9229 - 3336 = g. Is o composite?
True
Suppose -115*x = -4*t - 117*x + 370916, 370908 = 4*t + 4*x. Is t a composite number?
True
Suppose 3*g - 20 = 2*n, 2*g + 7*n = 3*n + 8. Let l(d) be the third derivative of 9*d**4/8 - 17*d**3/6 + 2*d**2 + 5. Is l(g) a composite number?
True
Let c = -13 - -13. Suppose c*z = z - 7554. Is ((-8)/12)/((-4)/z) a prime number?
True
Let g(b) = -17 - 26*b + 7*b + 7*b + 10*b. Let f be g(-6). Let p(y) = -2*y**3 - 4*y**2 - 7*y. Is p(f) a prime number?
False
Let z be 0/15 + 1 + -1. Suppose -k = z, 880 = 5*i + k - 1630. Let v = i - 209. Is v composite?
False
Let t(l) = 10142*l - 6207. Is t(13) a prime number?
True
Let g be (((-180)/(-8))/9)/((-1)/(-214)). Let n = g + -380. Is n composite?
True
Let z be (0 - 9)/(-27) - (-4312)/(-3). Let v = -3170 - z. Is -3 - (v + -4 + -1) a prime number?
False
Let v = 36465 - 16112. Is v prime?
True
Suppose -2*h + 1484 = -500. Let z = h + -382. Suppose z = 120*y - 118*y. Is y a prime number?
False
Let l(t) = -t**2 - 8*t - 8. Let j be l(-6). Suppose 3*r + r - 3*m = -12, 0 = 5*r - 3*m + 15. Is 3 - (2928/j)/r composite?
True
Suppose -4*m - 6 = 4*f - 9*f, -1 = -m. Suppose -a = -f*a + 484. Suppose -a = -7*s + 678. Is s a composite number?
True
Suppose -5*y = -5*t - 11000, 2*t + 5 = -3*t. Suppose -5*b + 4*u + 7032 = -y, -4*b = -3*u - 7385. Is b a composite number?
False
Let l(u) = -u**3 + 145*u**2 + 52*u + 117. Is l(109) prime?
True
Suppose 1 = -n - d - 4, 2*d + 4 = 0. Let c(m) = -m**2 - 2*m + 6. Let v be c(n). Is (-1)/(544/(-1623) - v/(-9)) composite?
False
Let s be (8/3)/((-2)/(-3)). Suppose 5*x = 20, 8*x = s*z + 7*x - 7924. Is z prime?
False
Let s be 2167*(6 - (10 - 5)). Let f = s + 54. Is f a composite number?
False
Let h(f) = 4*f**2 + f - 2. Let r be h(3). Let y = 40 - r. Suppose -v + y = -11. Is v a prime number?
False
Suppose 3*k - 4*w - 572715 = 0, 2*k = 6*w - 10*w + 381770. Is k a prime number?
False
Suppose 5*f + 4*q = 5958, 5*q + 2370 = 3*f - f. Suppose 5*v + 4156 = -4*b, -f = 2*b - 4*v + 862. Let j = b - -1597. Is j a composite number?
False
Let d(y) = 152*y**2 - 5*y + 331*y**2 - 446*y**2 + 281*y**2 + 60. Is d(5) prime?
False
Let x(k) be the third derivative of k**7/2520 - k**6/90 - k**5/120 + 5*k**4/24 + 10*k**2. Let s(m) be the second derivative of x(m). Is s(12) a prime number?
True
Let c(o) = 5*o + 7. Let w = -34 + 32. Let h be c(w). Is 158/h*-3*1 prime?
False
Let w = 316534 + -26217. Is w a prime number?
True
Let i be 3990/14*64/6. Let r = i - 478. Let a = r + -1775. Is a a prime number?
True
Let y = -19 + 22. Suppose 2*k - 3392 = -c - 0*c, y*k - c = 5088. Suppose k = 7*h - 1587. Is h composite?
True
Suppose -4*g = 1587 - 17215. Suppose -3*l = -9, -g = -2*m - 3*m - 4*l. Is m a prime number?
False
Suppose -d + i = -605419, -291*i + 295*i = 3*d - 1816254. Is d prime?
False
Let d = 556 - -838. Suppose -4*h = 3*u - 2091, -2*h = -0*u + 2*u - d. Is u a composite number?
True
Let w be 74/(-185) - 4484/(-10). Let x = -1768 - w. Let z = 4749 + x. Is z a composite number?
True
Suppose -3490642 - 10769263 = -55*w. Is w a prime number?
True
Suppose 74*t - 77*t + h = -7506, -5*t + 5*h + 12500 = 0. Is t prime?
True
Let u(h) = -2*h**3 + 75*h**2 + 33*h + 13. Let m be (16/6 - -1)*9. Is u(m) a prime number?
True
Let q be ((-16)/10)/((-2)/30). Suppose 22*d = q*d + 2. Is d - 2 - 1 - -1737 a 